en 444592 is divided by 6090.
22
What is the remainder when 64775 is divided by 32338?
99
What is the remainder when 40480 is divided by 1824?
352
Calculate the remainder when 1438767 is divided by 325.
317
Calculate the remainder when 4385174 is divided by 194.
192
What is the remainder when 59911819 is divided by 64?
11
Calculate the remainder when 14869116 is divided by 1652123.
9
Calculate the remainder when 64673 is divided by 32297.
79
Calculate the remainder when 3693649 is divided by 45600.
49
What is the remainder when 678523 is divided by 16154?
55
Calculate the remainder when 1189780 is divided by 42.
4
Calculate the remainder when 920282 is divided by 1.
0
Calculate the remainder when 54156892 is divided by 7736697.
13
Calculate the remainder when 152942 is divided by 800.
142
What is the remainder when 7775663 is divided by 11188?
3
What is the remainder when 4598908 is divided by 8040?
28
Calculate the remainder when 9065960 is divided by 381.
65
What is the remainder when 17472322 is divided by 166403?
7
Calculate the remainder when 85359 is divided by 4701.
741
What is the remainder when 71028999 is divided by 1563?
27
What is the remainder when 55957834 is divided by 3064?
2
What is the remainder when 1439370 is divided by 3144?
2562
What is the remainder when 662229 is divided by 8175?
54
Calculate the remainder when 103403 is divided by 1123.
87
Calculate the remainder when 247736285 is divided by 2596.
5
What is the remainder when 7521385 is divided by 222?
25
What is the remainder when 2180004 is divided by 1438?
1434
Calculate the remainder when 10621735 is divided by 323.
203
What is the remainder when 10606901 is divided by 11?
8
Calculate the remainder when 203353 is divided by 237.
7
What is the remainder when 22357888 is divided by 43?
38
Calculate the remainder when 349629 is divided by 6454.
1113
Calculate the remainder when 431242 is divided by 75.
67
What is the remainder when 203945 is divided by 203771?
174
What is the remainder when 10503 is divided by 1669?
489
What is the remainder when 192147 is divided by 483?
396
What is the remainder when 1060707 is divided by 542?
13
Calculate the remainder when 2963468 is divided by 2963412.
56
What is the remainder when 49148528 is divided by 893609?
33
What is the remainder when 8879 is divided by 699?
491
What is the remainder when 132639 is divided by 16047?
4263
What is the remainder when 6457017 is divided by 2321?
2316
Calculate the remainder when 1626018027 is divided by 1890.
1887
What is the remainder when 22008105 is divided by 26294?
27
What is the remainder when 25371646 is divided by 3624518?
20
Calculate the remainder when 2421290 is divided by 833.
592
Calculate the remainder when 1610917 is divided by 4099.
10
What is the remainder when 15796958 is divided by 162?
14
Calculate the remainder when 72573 is divided by 12094.
9
Calculate the remainder when 73888 is divided by 835.
408
Calculate the remainder when 416868958 is divided by 480.
478
What is the remainder when 7584 is divided by 6080?
1504
What is the remainder when 845920 is divided by 2445?
2395
What is the remainder when 19414845 is divided by 5124?
9
Calculate the remainder when 853979 is divided by 170674.
609
What is the remainder when 3830987 is divided by 44?
39
Calculate the remainder when 1587954050 is divided by 19.
18
Calculate the remainder when 201648 is divided by 86.
64
Calculate the remainder when 145258 is divided by 3709.
607
What is the remainder when 579513 is divided by 1143?
12
Calculate the remainder when 4346 is divided by 1414.
104
Calculate the remainder when 5153663 is divided by 3552.
3263
Calculate the remainder when 17216868 is divided by 7.
4
Calculate the remainder when 2347021 is divided by 49936.
29
Calculate the remainder when 26233817 is divided by 13216.
57
Calculate the remainder when 62044 is divided by 14346.
4660
What is the remainder when 54622 is divided by 13652?
14
What is the remainder when 1729961 is divided by 341?
68
What is the remainder when 1562222 is divided by 106?
100
Calculate the remainder when 383217 is divided by 371.
345
What is the remainder when 34098 is divided by 32704?
1394
Calculate the remainder when 2174219 is divided by 1087092.
35
What is the remainder when 271900031 is divided by 73?
70
Calculate the remainder when 693971 is divided by 170.
31
What is the remainder when 6462470 is divided by 6462458?
12
What is the remainder when 66201498 is divided by 500?
498
What is the remainder when 71515 is divided by 7140?
115
What is the remainder when 2329983 is divided by 821?
806
What is the remainder when 176620 is divided by 815?
580
Calculate the remainder when 13265 is divided by 13099.
166
Calculate the remainder when 430863 is divided by 5901.
90
What is the remainder when 8834174 is divided by 24?
14
What is the remainder when 882424 is divided by 882291?
133
What is the remainder when 89789732 is divided by 361?
7
What is the remainder when 60621786 is divided by 23?
19
What is the remainder when 21369169 is divided by 1350?
19
Calculate the remainder when 15662530 is divided by 3428.
3426
What is the remainder when 264247 is divided by 72?
7
Calculate the remainder when 1342680 is divided by 111888.
24
Calculate the remainder when 436301 is divided by 145.
141
Calculate the remainder when 56131 is divided by 52568.
3563
Calculate the remainder when 28698605 is divided by 194.
185
What is the remainder when 1747065 is divided by 20798?
33
What is the remainder when 19131370 is divided by 234?
232
Calculate the remainder when 3397571 is divided by 3.
2
What is the remainder when 1135647 is divided by 189256?
111
Calculate the remainder when 19484 is divided by 118.
14
What is the remainder when 24989577 is divided by 1386?
1383
What is the remainder when 478816 is divided by 2063?
200
Calculate the remainder when 1333268 is divided by 1990.
1958
What is the remainder when 161677 is divided by 17951?
118
Calculate the remainder when 853743 is divided by 42684.
63
What is the remainder when 100010 is divided by 171?
146
What is the remainder when 251130 is divided by 860?
10
Calculate the remainder when 41756399 is divided by 79.
1
What is the remainder when 1586831 is divided by 591?
587
What is the remainder when 180345 is divided by 45078?
33
Calculate the remainder when 39380585 is divided by 2.
1
Calculate the remainder when 956896 is divided by 343.
269
What is the remainder when 11737092 is divided by 1811?
1
Calculate the remainder when 376807 is divided by 53201.
4400
Calculate the remainder when 16017 is divided by 16015.
2
Calculate the remainder when 5038638 is divided by 1628.
1606
What is the remainder when 266828 is divided by 202?
188
What is the remainder when 134118 is divided by 33435?
378
What is the remainder when 12829048 is divided by 78?
76
Calculate the remainder when 1445456 is divided by 440.
56
Calculate the remainder when 339519 is divided by 679.
19
Calculate the remainder when 2852465 is divided by 1425924.
617
Calculate the remainder when 152010046 is divided by 1010.
1006
What is the remainder when 22032380 is divided by 1536?
1532
Calculate the remainder when 288631 is divided by 96036.
523
Calculate the remainder when 126032 is divided by 5041.
7
Calculate the remainder when 68685 is divided by 463.
161
Calculate the remainder when 3908172 is divided by 54.
30
What is the remainder when 153362 is divided by 207?
182
What is the remainder when 100689158 is divided by 12?
2
What is the remainder when 20443 is divided by 170?
43
What is the remainder when 2557540 is divided by 232496?
84
Calculate the remainder when 742506 is divided by 7568.
842
What is the remainder when 465964 is divided by 27407?
45
Calculate the remainder when 3405639 is divided by 280.
279
What is the remainder when 98003 is divided by 1768?
763
What is the remainder when 3064081 is divided by 3063851?
230
What is the remainder when 272346439 is divided by 5531?
5530
Calculate the remainder when 9315081 is divided by 7623.
7398
Calculate the remainder when 613324 is divided by 328.
292
What is the remainder when 405066798 is divided by 1150?
1148
What is the remainder when 81856229 is divided by 133752?
5
Calculate 